s the units digit of f?
8
Suppose 2*t - 12 = -z, -t - 3*z - 12 = -3*t. Let y(v) = -v + 6. Let f be y(6). Suppose t*j - j - 20 = f. What is the units digit of j?
4
Suppose -5*q = 2*x - 119, -3*x - 2*q - 28 = -201. What is the tens digit of x?
5
Suppose 5*i = 4*i - 1. Let x(j) = -33*j + 1. What is the tens digit of x(i)?
3
Let g(a) = -a**3 - a**2 + 4*a. Suppose -4*c - 12 = -0. Let h be g(c). Suppose -16 - h = -2*t - 5*p, t + 3*p = 11. What is the units digit of t?
1
What is the tens digit of (-22)/(-55) + 288/5?
5
Suppose k + 2*j - 181 = 0, 5*j - 905 = -2*k - 3*k. What is the hundreds digit of k?
1
Let r = -35 - -78. What is the tens digit of r?
4
What is the tens digit of 10 + 3 + 0 + 2?
1
Suppose -2*y + 168 = 2*y. Let s = -23 + y. Suppose -2*g + 3 = -s. What is the tens digit of g?
1
Let m(h) = -13*h - 42. What is the units digit of m(-12)?
4
Let c = 1 - -2. Suppose p + 14 = -2*n, -2*p - n - 34 = 3*p. What is the units digit of (-3)/c - (1 + p)?
4
Let a(f) = -f**3 + 5*f**2 + 9*f - 7. Let w be a(6). Suppose 1 = 4*q - w. What is the units digit of q?
3
Suppose 20 = 5*u + a + 2*a, -5*u + a + 20 = 0. Suppose 0 = u*s - s - 18. What is the units digit of s?
6
Suppose -102 = 2*h + 2*h - m, m - 2 = 0. Let y = -14 - h. What is the units digit of y?
1
Let z be ((-39)/2)/((-2)/(-4)). Let l = -27 - z. What is the units digit of l?
2
Let o(g) = g**2 - 10*g + 6. Let p be o(4). Let l = 34 + p. What is the units digit of l?
6
Let g(s) = -s**2 + 2. Let x be g(0). Suppose 5*q - 66 = x*j, -3*q + 2*q = j - 9. What is the units digit of q?
2
Suppose -2*n - 2 = -108. Suppose 0 = 3*a - 40 - n. Let i = -19 + a. What is the tens digit of i?
1
Let p(f) = 176*f**2 - f - 2. What is the hundreds digit of p(-1)?
1
Let v(p) = p**2 - p - 4. Let b be v(3). What is the tens digit of 51/4 + b/8?
1
Let w(o) = o - 6. Let j be w(9). Suppose -n - j*n = -3*f - 21, 5*f - 16 = n. Suppose -n = -4*m + 3*m. What is the units digit of m?
9
Let y(a) = 2*a - 10. Let x be 1*-12*6/(-8). What is the units digit of y(x)?
8
Let j be 0/(-1 - 0/(-1)). Let b be 7 + -2 + 5 + -2. Suppose -a = -3*q + 9, 5*a - 5*q + 3 - b = j. What is the units digit of a?
6
Suppose -q - 4*q = -45. Let l(g) = -g**3 + 8*g**2 + 10*g - 8. Let w be l(q). Suppose 16 = 5*h + w. What is the units digit of h?
3
Let t be (-2)/3 - (-10)/(-3). Let f be (-25)/t - 1/4. What is the units digit of (3/f)/((-3)/(-36))?
6
Let v(o) be the first derivative of -1/2*o**2 + 2/3*o**3 + 3 + 0*o. What is the units digit of v(-2)?
0
What is the hundreds digit of -3 - -132 - (4 - -3 - 4)?
1
Let b(y) = y**3 - 4*y**2 + 3*y + 2. Let z be 3/(((-9)/(-2))/3). Let j = z + 1. What is the units digit of b(j)?
2
Suppose -4*o = -94 - 30. What is the tens digit of o?
3
Let t = 20 + 0. Suppose -3*u - t = -8. What is the units digit of (-43)/u + (-1)/(-4)?
1
Let x(s) = -s**3 + 5*s**2 + 3. Let j be x(4). Let g = -10 + j. What is the units digit of g?
9
Suppose v - 374 = -3*p + 261, 0 = 2*p + 2*v - 426. What is the hundreds digit of p?
2
Suppose 0 = 2*m - 4*m + 84. Suppose -2*q = q - m. What is the units digit of q?
4
Suppose 4*s + 5*a = -12, -2*s + 2*a + 12 = -0. Suppose 2*n = s*p + 34, -5*p + 18 = -4*n + 89. What is the tens digit of n?
1
Let m be (-5)/((-2)/(-2) - 2). Suppose -3*h - 2*b = 0, -5*b = 4*h - 2 - m. What is the units digit of 2*14/(-8)*h?
7
Let b(i) be the third derivative of -i**5/60 - 11*i**4/24 - 11*i**3/6 - 2*i**2. Let q be b(-8). Suppose 0*g + g - q = 0. What is the tens digit of g?
1
Suppose 0*m - 3*m - 4*x = -1255, -3*m + 1247 = -4*x. What is the hundreds digit of m?
4
Suppose 4*z = 5*h - 225, 4*h + z + z - 180 = 0. What is the tens digit of h?
4
Let b(r) = 3*r - r**3 - 2 - 2*r - 2*r**2 - 2*r**3. Let w be b(-2). Let y = -1 + w. What is the tens digit of y?
1
Suppose 3*r - r + 8 = 0, r = b + 5. What is the units digit of 2*-1*b/6?
3
Let l(h) = -2*h + 6. Let t be l(5). Let k = -8 - t. Let o = k + 6. What is the units digit of o?
2
Suppose 4*n - 163 = 133. What is the units digit of n?
4
Let w be -1 + 1 - 2 - -2. Suppose 0 = -w*x - 2*x. Suppose -u + x*p + 12 = -3*p, -u = 5*p + 4. What is the units digit of u?
6
Let u = -4 + 31. What is the units digit of u?
7
Suppose -3*i = -5*a - 57, -2*i + 38 = -0*a - 4*a. What is the units digit of i?
9
Let l be ((-10)/(-8))/((-3)/(-12)). Suppose -l*d - 5*h = -90 + 30, 2*h = 4*d - 30. Let z(b) = b**2 - 10*b + 10. What is the units digit of z(d)?
1
Suppose -92 = 4*h - 6*h. What is the units digit of h?
6
Suppose 4*x = -x + 15. Suppose 12 = -3*a, -5*z = 6*a - x*a + 2. Suppose t + 2*l - 8 = 0, 0 = 4*t - z*l - 5 - 47. What is the units digit of t?
2
Let k(b) = -b**3 - 4*b**2 - 2*b + 3. Let d be k(-3). Let g(s) = -1 + s + 2*s + d. What is the tens digit of g(5)?
1
Let p(q) = q - 2. Let y be p(2). Let b be (y - -9)*(-4)/(-6). Let w = b - -3. What is the units digit of w?
9
Suppose -2*l = -6*l + 40. Let v = 42 - l. What is the units digit of (9/12)/(2/v)?
2
Let y(i) = 7*i**2 - 3*i - 9. What is the units digit of y(6)?
5
Suppose -13*o + 9*o + 104 = 0. Let a be (-2)/(-5) - (-4)/(-10). Suppose 4*j - 6 - o = a. What is the units digit of j?
8
Let f(o) = o**2 - 2*o - o - 3 - o. Suppose -4*s + 25 = s. What is the units digit of f(s)?
2
Suppose 21 = -4*t + 113. Let x = t - 19. What is the units digit of x?
4
Let h be 2/8 - (-35)/4. Suppose h = l + 2*l. What is the units digit of l?
3
Let v = 27 - 14. What is the units digit of v?
3
Let j be (-4)/10*(-35 + -5). Suppose -2*k = 6 - j. Suppose -3*f + 0*f + 2*q = -39, -65 = -k*f + 2*q. What is the tens digit of f?
1
Suppose w - 4*w + 6 = 0. Let p = -1 - -2. What is the units digit of w - (2/p + -3)?
3
What is the units digit of (188/3)/(1 + 3/(-9))?
4
Suppose 4*c = -h + 35, 0 = -3*h - c - 0*c + 116. Suppose -5*u + 0*j + 41 = -j, 0 = 5*u + j - h. What is the units digit of u?
8
Let u(w) = -w**3 + 6*w**2 + 10*w + 2. Suppose -26 = -4*p + 2. What is the units digit of u(p)?
3
Let u = -166 - -233. Suppose -5*d + u + 118 = 0. What is the tens digit of d?
3
Let w = -5 - -24. What is the tens digit of w?
1
Suppose -l + 209 = -5*u, -2*l + l = 5*u - 199. What is the tens digit of l?
0
Suppose 375 = 2*v - w, -2*v + 2*w + 369 = 7*w. What is the units digit of v?
7
Suppose 0 = -3*u + 47 - 2. Suppose u = -3*p, 0 = 3*l - 0*l + p - 1. What is the units digit of l?
2
Suppose s + 15 = 5*z + 141, s + 3*z = 86. What is the hundreds digit of s?
1
Let n(d) = 155*d + 45. Let v(p) = 7*p + 2. Let a(z) = -2*n(z) + 45*v(z). What is the units digit of a(3)?
5
Let l = 9 + -5. Let o = l + -3. Suppose 19 + o = 4*b. What is the units digit of b?
5
Suppose b - 97 = -31. Suppose 2*u + b = 5*u. What is the units digit of u?
2
Suppose 0 = -4*f - 2*s - 57 + 531, 3*f - 338 = -5*s. What is the tens digit of f?
2
Let i = 9 + 8. What is the tens digit of i?
1
Let f = -28 + 46. What is the units digit of (-8)/(-3) - 12/f?
2
Let x(n) = -n**2 + 16*n - 12. What is the tens digit of x(9)?
5
Let v(u) = 2*u**3 - 2*u + 1. Let j = 5 - 4. Let q be v(j). Suppose -4 = -p - q. What is the units digit of p?
3
Let d(z) = -5 - 26*z**2 - 9*z + 9*z**2 + 16*z**2. What is the units digit of d(-7)?
9
Let f be (-6)/(-4) - (-4)/8. Let g(u) = 2 - 10*u**3 + 9*u**3 - u**2 - u**f - u - 7*u**2. What is the units digit of g(-9)?
1
Suppose -3*w + 24 - 6 = 0. Let l(i) = 7*i - 8. Let k(g) = -20*g + 24. Let n(d) = w*k(d) + 17*l(d). What is the units digit of n(7)?
1
Let b(v) = -v + 2. Let q(h) = -h**3 + 2*h**2 + 4*h - 4. Let i be q(3). Let z be (0 + i)*-1*-3. What is the units digit of b(z)?
5
Let q(v) be the second derivative of v**2/2 - 2*v. Let f(j) = -5*j - 8. Let l(u) = f(u) + 6*q(u). What is the tens digit of l(-3)?
1
Suppose 5*p = -5*t + 20, t + 0*t = 3*p - 4. Suppose -4*w - p*q + 21 = -25, 0 = 3*w + q - 37. What is the tens digit of w?
1
Let v be (33/(-3) + 1)*-1. Let t(n) = n**3 - 3*n**2 - 3*n - 5. Let f be t(4). Let o = f + v. What is the units digit of o?
9
Suppose -7*b + 173 = -492. What is the tens digit of b?
9
Let o(m) = -6*m + 5. Let l(n) = 1. Let h(j) = 4*l(j) - o(j). Let c be h(1). Suppose d = 3*i - c, -d - 4*d = 5*i - 35. What is the units digit of i?
3
Suppose -11*x = 437 - 1460. What is the units digit of x?
3
Suppose 4*j - 20 = -2*a, -2*a + 5*a + 5*j - 25 = 0. Suppose a = -4*w - 1 + 25. What is the units digit of w?
6
Let